57 is divided by i(-13)?
53
Let r = 171 - 115. Suppose 4*c = 5*c - b - 22, 5*b = 3*c - r. Calculate the remainder when 78 is divided by c.
24
Suppose 50 = -189*n + 192*n - 49. Calculate the remainder when 258 is divided by n.
27
Let c(l) = 7 + 2693*l**2 - 2*l + 18 - 2692*l**2. What is the remainder when 90 is divided by c(4)?
24
Let m = 37 - 17. Let t = 106 - 166. What is the remainder when 65 is divided by ((-70)/6)/(m/t)?
30
Let c(d) = 4 + 1 + 7 + 15*d**2 + 3 - d**3 - 21*d. Calculate the remainder when c(11) is divided by 68.
64
Let s = 28 + -31. Let u = 183 + -166. What is the remainder when 47 - s/(-9)*-3 is divided by u?
14
Let x = -1782 - -2505. Calculate the remainder when x is divided by 29.
27
Let k = 318 + -315. What is the remainder when 50 is divided by (-1)/(k/(-60))*33/22?
20
Let i = 15 + -22. Let f(s) = -19*s + 61. Let c be f(3). Let y = c - i. Calculate the remainder when 43 is divided by y.
10
Suppose 0 = -483*v - 289360 + 794095. What is the remainder when v is divided by 467?
111
Let h(b) = -700*b - 4025. What is the remainder when 3505 is divided by h(-7)?
5
Let h(f) = -5*f + 127. Let t be h(6). Suppose -13 = 7*w - t. Calculate the remainder when -2*(-2 + (-43)/2) is divided by w.
11
Let r(a) = -3*a**3 - 3*a**2 - 5*a + 1. Let h be r(-4). Suppose -5*q + 269 = 3*i + 24, -2*i = 5*q - h. Calculate the remainder when i is divided by 41.
39
Suppose -4*v = o - 1312, -345 = -13*v + 12*v + 4*o. Calculate the remainder when v is divided by 159.
11
Let r = -34656 + 53175. Calculate the remainder when r is divided by 9.
6
Let n(j) = -j**3 + 6*j**2 + 4. Suppose 44*k = -10196 + 12528. What is the remainder when k is divided by n(5)?
24
Let s be (-24)/(-9)*3/2. Suppose 3*c + 132 + 147 = 0. Calculate the remainder when 44 is divided by c/(-4) + (-1)/s.
21
Let u = 23 + -13. Let z = 2396 + -1322. Let v = z - 1055. What is the remainder when v is divided by u?
9
What is the remainder when 779 - ((-21)/(-21) + -18) is divided by 164?
140
Let k(c) = -1. Let x(t) = 24*t + 3 - 12*t - 11*t - 4*t. Let r(z) = 42*k(z) - 2*x(z). Calculate the remainder when r(10) is divided by 8.
4
Suppose 4*v - 604 + 532 = 0. Suppose -v = 3*l - 90. What is the remainder when 116 is divided by l?
20
Let z = -806 - -912. Calculate the remainder when 1797 is divided by z.
101
Let z = -7019 - -7048. Calculate the remainder when z is divided by 26.
3
Let o = 50 + -28. Let k(n) = 2 - 24 - 3*n + 7*n - 12. Calculate the remainder when k(o) is divided by 8.
6
Let p = -258 - -300. Let v(l) = 11*l**2 + 5*l**2 + 1 - 2*l - 3*l**2. What is the remainder when p is divided by v(1)?
6
Let y be ((-456)/3)/(2 + -4). Suppose -i - 160 = -3*s + 33, 0 = s + 2*i - y. Calculate the remainder when s is divided by 10.
6
Suppose 0 = d + i - 478, -4*d + 1376 = i - 545. Suppose 0 = -4*q - 4*h + 76, -3*h - 81 = -2*q - q. What is the remainder when d is divided by q?
21
Let d(h) = h**2 - 33*h - 37. Let u be d(35). Suppose 0 = u*s - 9*s - 840. Calculate the remainder when 197 is divided by s.
22
Suppose 0 = 15*i - 31 - 39 + 10. What is the remainder when 561 is divided by i?
1
Let x(r) = r**3 - r**2 - 2*r + 2. Let w be x(-3). Let u be ((-3)/4)/(-3) - 161/w. Suppose u*s = 50 + 154. What is the remainder when 100 is divided by s?
32
Let c(x) = 2*x**2 + 51*x - 96. Let n be (-28)/(3 + (3 - 5)). Calculate the remainder when 175 is divided by c(n).
43
Calculate the remainder when 1063 is divided by (0 - 4)/(6 - 4) + 24.
7
Let v = 359 - 359. Suppose 0 = -4*o - 5*d + 873, v*d = -4*o + 5*d + 863. Calculate the remainder when o is divided by 44.
41
Let g(r) be the first derivative of 8/3*r**3 - 1/4*r**4 + 15*r - 4*r**2 + 5. What is the remainder when 30 is divided by g(7)?
6
Let x be (-11)/22*10 - (-181 + 0). Let j = x - 115. Calculate the remainder when j is divided by 9.
7
Suppose 0 = n - 5*j - 125 - 1, -4*n - 4*j = -624. Let s = 140 - 99. Calculate the remainder when n is divided by s.
28
Let j = -49 - -153. Suppose -5*z = -5*o + o + 104, -2*z + j = 4*o. What is the remainder when o is divided by 9?
8
Suppose -4*m + 107 = 3*c + 7, 4*m = 3*c - 116. Let r = c - 34. Suppose -6*q + 5 = -q, -r*h + 3*q = -3. What is the remainder when 15 is divided by h?
0
Suppose -65*j + 4864 = -33*j. Calculate the remainder when j is divided by 16.
8
Let r(d) = 10*d**2 - 9*d - 23. Let h be r(-7). Suppose -l - 2*v - h = -5*l, -3*v - 9 = 0. What is the remainder when l is divided by 3?
2
Calculate the remainder when (-9775)/(-119) + 40/(-35) + (-1 - -3) is divided by (-122)/(-10) + 6/(-30).
11
What is the remainder when 640 is divided by (-3)/((-2828)/(-259) - 11)?
11
Let p be 5/5 + -5 - 2. Calculate the remainder when 9 is divided by -3 + (4 - p/2).
1
Calculate the remainder when -22 + 1403 + 24*(50/15 + -3) is divided by 128.
109
Let x(d) = -331*d - 1937. What is the remainder when x(-15) is divided by 31?
21
Suppose -15 = -3*v - 3*n, 20*v - 3*n - 5 = 21*v. Calculate the remainder when 16 is divided by v.
6
Suppose z = 2*z + 5*z. Let l(h) = -2*h**3 + 5*h**2 + h + 21. What is the remainder when 97 is divided by l(z)?
13
Suppose t - 36 = -2*u, 84 - 60 = 4*t. Calculate the remainder when 89 is divided by u.
14
Let i be 256836/1700 + 4/(-50). Suppose 6*w - 11*w - i = -4*f, -155 = -5*f - 5*w. Let u(s) = -s**2 + 6*s + 1. Calculate the remainder when f is divided by u(4).
7
Let a = 28 - -33. Let s = -531 - -540. What is the remainder when a is divided by s?
7
Suppose -3*f - 3*p + 219 = 0, 5*f - 381 = 3*p - 4*p. Suppose -45*a - f = -52*a. Calculate the remainder when 53 is divided by a.
9
Let q = 154634 + -154625. Suppose -2*k - k + 141 = 0. Suppose -3 = a - k. Calculate the remainder when a is divided by q.
8
Suppose -321*c + 322*c + 4634 = m, -2*m = 5*c - 9289. Calculate the remainder when m is divided by 16.
13
Suppose -3*v + 7 = 2*j - 0, -3*j = 4*v - 11. Suppose 322 = j*d + q, -2*d + 5*q - 37 = -182. What is the remainder when d is divided by (-520)/(-15) + (-3)/(-9)?
30
Suppose 693*m - 506*m - 1664 - 767 = 0. Suppose 336 = 2*p - 124. Calculate the remainder when p is divided by m.
9
Let p(d) = -d**3 + d**2 + 3*d + 2. Let k be p(-3). Let h = k + -22. Calculate the remainder when (-3)/(-7) + 473/h is divided by 24.
20
Let v(i) = 436*i + 461. What is the remainder when 80 is divided by v(-1)?
5
Suppose -4*r = 3*z + 386, 3*z - 4*r = -3*r - 376. Let k = -80 - z. Suppose 5*o = 718 + 197. Calculate the remainder when o is divided by k.
45
Suppose c + 238 = 3*c. What is the remainder when c is divided by (4/10)/((-53)/(-8480))?
55
Let t = 2283 + -520. Calculate the remainder when t is divided by 9.
8
Let o(k) = 12*k - 250. Calculate the remainder when 447 is divided by o(25).
47
Let q(f) = 2*f - 2. Let c be q(1). Suppose c = 4*r - 18 - 142. Suppose -4*t - r + 196 = 0. What is the remainder when 114 is divided by t?
36
Suppose 4*o + 4*p + 78 + 354 = 0, 124 = -o - 5*p. Let y(h) = 39*h - 146. Let b be y(7). Let l = o + b. Calculate the remainder when l is divided by 7.
2
Let q(b) = 172*b**2 - 313*b + 4. What is the remainder when 2949 is divided by q(2)?
45
Let u(i) = i**3 - i**2 - 30*i + 21. Calculate the remainder when 1279 is divided by u(6).
19
Let r = -101 + 95. Let d = -72 + 101. Calculate the remainder when d is divided by 24 + r + -3 + 2 + -1.
13
Let z(w) = 12*w + 550. What is the remainder when 498 is divided by z(-35)?
108
Let g = 9188 + -6631. Calculate the remainder when g is divided by 64.
61
Let s(b) = -b**3 - 12*b**2 - 62*b - 725. Calculate the remainder when 1636 is divided by s(-12).
2
Calculate the remainder when 3166 is divided by 10/6*(13248/(-115))/(-12).
14
Suppose 2*n + 646 = -0*n. Let w = -95 - n. Suppose 0 = -2*f - 4*f + w. Calculate the remainder when 113 is divided by f.
37
Suppose 15 = 2*m - 1. Let y(b) = b**2 - 4*b - 17. Let o be y(m). Let l = o - 11. What is the remainder when 11 is divided by l?
3
Let j = -3069 + 3252. What is the remainder when j is divided by 15?
3
Suppose -10*g + 102*g = -81*g + 3287. What is the remainder when 940 is divided by g?
9
Let c = 35 + -20. Suppose 8*a + 111 = 5*x + 10*a, 0 = -x + 4*a + 31. Let m = 35 + x. Calculate the remainder when m is divided by c.
13
Let i be 0/(4 - (1 + 1)). Suppose i = -4*f + 24 + 4. What is the remainder when 31 is divided by 2/f - -9*(-12)/(-14)?
7